 + 11000101110010?
11000101110111
In base 10, what is -49827 - 2?
-49829
In base 8, what is -7753204 + 2?
-7753202
In base 16, what is c + 3c5d?
3c69
In base 6, what is 121 - 441?
-320
In base 7, what is -5 + 11640120?
11640112
In base 4, what is 202212131 - -1?
202212132
In base 3, what is -122 - 1212022?
-1212221
In base 10, what is 80474 + -4?
80470
In base 8, what is 4 + 1112277?
1112303
In base 4, what is 202 + -1022022?
-1021220
In base 4, what is 0 - -2000203212?
2000203212
In base 6, what is 1104 + 135?
1243
In base 3, what is 20112101 + -11110?
20100221
In base 12, what is 0 - -217608?
217608
In base 16, what is 148e + -71?
141d
In base 12, what is 924479 - -5?
924482
In base 15, what is 84a0 - -2?
84a2
In base 14, what is 5 - c795?
-c790
In base 10, what is -565134 - 5?
-565139
In base 7, what is 361260 + 32?
361322
In base 4, what is 133 - 12032?
-11233
In base 3, what is -21221020 - -20202?
-21200111
In base 11, what is -32591 + 4?
-32588
In base 14, what is -925a2 - -5?
-9259b
In base 4, what is -1003 + 12100?
11031
In base 8, what is 1200 - 74?
1104
In base 16, what is 98 - a9?
-11
In base 15, what is 490 - 28?
467
In base 11, what is -4141 - -7a9?
-3443
In base 8, what is -3 + 143322?
143317
In base 14, what is -3 + 105727?
105724
In base 5, what is -21444103 - 1?
-21444104
In base 11, what is 17993 - -8?
179a0
In base 3, what is 1110021010 - -12?
1110021022
In base 4, what is 100001103 - 10?
100001033
In base 12, what is -89b + 48?
-853
In base 5, what is 1 + 2230232?
2230233
In base 13, what is 3b499 - 4?
3b495
In base 6, what is 1022144044 - 2?
1022144042
In base 10, what is -87929 + -4?
-87933
In base 2, what is -110001110011000011 - -11?
-110001110011000000
In base 14, what is a9 + -4c?
5b
In base 14, what is -bd96 - 5?
-bd9b
In base 8, what is 427 + -462?
-33
In base 3, what is 122110101 - 1?
122110100
In base 14, what is 391 - 522?
-171
In base 16, what is -4 - -c8?
c4
In base 2, what is 1 + -10001100101001001001?
-10001100101001001000
In base 8, what is -2635 - 13?
-2650
In base 4, what is 22121122112 + 11?
22121122123
In base 15, what is -112 + 34b?
239
In base 2, what is -10 + -11100101100110?
-11100101101000
In base 8, what is -25355 + -7?
-25364
In base 6, what is -23 + 313514?
313451
In base 11, what is -1275 + 49?
-1227
In base 12, what is -24 - 169?
-191
In base 5, what is -200234 + -2420?
-203204
In base 12, what is -45611 + -13?
-45624
In base 3, what is 1010001100122 + 11?
1010001100210
In base 9, what is -3 - 21128?
-21132
In base 7, what is 23 + -12240?
-12214
In base 8, what is -43 - -20676?
20633
In base 16, what is -1c0f7 + 9?
-1c0ee
In base 13, what is -51 + 1a432?
1a3b1
In base 13, what is -55 + -17071?
-170c6
In base 7, what is -164121 - 24?
-164145
In base 7, what is -3 - -41064?
41061
In base 7, what is 1 - 14034?
-14033
In base 6, what is -4 - -4224330?
4224322
In base 6, what is -3254110 + -1?
-3254111
In base 12, what is 698655b - 1?
698655a
In base 10, what is -3 + 11723?
11720
In base 3, what is 101202210 - -110112?
102020022
In base 14, what is -18 - 24464?
-2447c
In base 3, what is 20 + -200212111?
-200212021
In base 8, what is 154 - 1064?
-710
In base 11, what is 2 + -2a302?
-2a300
In base 7, what is 3341 - 254?
3054
In base 14, what is b094 + 14?
b0a8
In base 7, what is -13623 + -6?
-13632
In base 15, what is 6a - -59e?
619
In base 13, what is -4136 + 4?
-4132
In base 10, what is -1 + -17148?
-17149
In base 3, what is 1022221111 - -1?
1022221112
In base 12, what is -1394290 + 0?
-1394290
In base 13, what is 3a - -ac80?
acba
In base 10, what is -220 - -279?
59
In base 15, what is 84725 + -1?
84724
In base 4, what is 1331 - -3211?
11202
In base 7, what is 1002600 - 3?
1002564
In base 9, what is 1 + 13205?
13206
In base 4, what is -11030 - 1203023?
-1220113
In base 2, what is -101010110111101111 - 0?
-101010110111101111
In base 14, what is 1 - -550?
551
In base 15, what is -14 - 9e82?
-9e96
In base 11, what is -5788 + -30?
-5808
In base 10, what is -739 - 107?
-846
In base 4, what is -103 - 12201?
-12310
In base 12, what is -1 - -355bb?
355ba
In base 16, what is -af - 272c?
-27db
In base 3, what is 102112200 - 2211?
102102212
In base 14, what is -678916 - 0?
-678916
In base 3, what is 2 - -12112101121?
12112101200
In base 6, what is 14502 - -20354?
35300
In base 3, what is -120011 + 100012?
-12222
In base 11, what is 4885 + -18?
4868
In base 11, what is 41855 - -5?
4185a
In base 13, what is -7 + -1403?
-140a
In base 4, what is -30 + -11201333?
-11202023
In base 10, what is -334 + -20?
-354
In base 4, what is 2 + 103131?
103133
In base 14, what is 88 + 49?
d3
In base 5, what is 330 + 343442?
344322
In base 9, what is -248 + 142?
-106
In base 2, what is -11111101 + -1110100011000?
-1111000010101
In base 11, what is 5 + -236245?
-236240
In base 2, what is 11011101101100001 + -11001?
11011101101001000
In base 3, what is -1010112210 - 210?
-1010120120
In base 6, what is -20 - 4231?
-4251
In base 15, what is -1 - -86864?
86863
In base 15, what is -30 + -2358?
-2388
In base 2, what is 111100 + 1100000100?
1101000000
In base 7, what is 5 - -1610323?
1610331
In base 13, what is -12 - -6817?
6805
In base 4, what is -311 + 20122303?
20121332
In base 5, what is 111001 + -1014?
104432
In base 2, what is 11 + -101100001000101001?
-101100001000100110
In base 16, what is -1 + -45d3?
-45d4
In base 4, what is -10 + 133231?
133221
In base 14, what is 34bc1 - 3?
34bbc
In base 6, what is -305022 - -4?
-305014
In base 5, what is 333143 + -132?
333011
In base 7, what is 3450 - -31?
3511
In base 13, what is 999 - 23?
976
In base 15, what is 1bec + 27?
1c24
In base 4, what is -30 - 10003202?
-10003232
In base 3, what is 12012101201 - -11?
12012101212
In base 7, what is -25 + 35251?
35223
In base 11, what is 5 + 2465?
246a
In base 12, what is -765 + -6?
-76b
In base 11, what is -922 + -1a4?
-1016
In base 3, what is -1022 + 20021?
11222
In base 14, what is 957 + 1c?
975
In base 6, what is 311302 + 0?
311302
In base 6, what is -15 + 2433315?
2433300
In base 8, what is -125045 + -2?
-125047
In base 11, what is -7112 + -3?
-7115
In base 9, what is 3457 + 4?
3462
In base 9, what is 3 + -118560?
-118556
In base 6, what is -300 + -352553?
-353253
In base 10, what is -9299 - -26?
-9273
In base 11, what is 264 - 1147?
-993
In base 11, what is 1080 - -380?
1450
In base 12, what is 12a - 4aa6?
-4978
In base 16, what is -783b8 - 2?
-783ba
In base 15, what is 7e096 + 6?
7e09c
In base 5, what is -1430203 + 0?
-1430203
In base 13, what is 2 - -835?
837
In base 11, what is -78582 - -7?
-78576
In base 11, what is 28a83 - 6?
28a78
In base 6, what is -1203225 + -33?
-1203302
In base 13, what is -1 + 60431?
60430
In base 12, what is -1 + -12982?
-12983
In base 15, what is -9ad + -1?
-9ae
In base 7, what is 2653 + 135?
3121
In base 2, what is -1 - -1100111110011011?
1100111110011010
In base 6, what is -2534 + -35?
-3013
In base 14, what is 5 + -46cb?
-46c6
In base 16, what is 1f9 - 2fe?
-105
In base 7, what is -30416 + 30?
-30356
In base 15, what is -15423 - -12?
-15411
In base 9, what is 4247811 - 0?
4247811
In base 7, what is -52661 + -100?
-53061
In base 14, what is -5944 - -9c?
-5886
In base 15, what is -6 - -4aa7?
4aa1
In base 6, what is -302 + -251?
-553
In base 4, what is -10133103 + -2101?
-10201210
In base 9, what is -5 + -8411?
-8416
In base 8, what is 1272 - 1110?
162
In base 13, what is 44 + 943?
987
In base 4, what is 21200 + -11111?
10023
In base 14, what is -1cad - -28?
-1c85
In base 2, what is 100011011110010 + 1?
100011011110011
In base 9, what is -1210 - -38?
-1161
In base 2, what is -11100 + 1100001111?
1011110011
In base 11, what is 1 - 6684?
-6683
In base 6, what is -11414 + 3231?
-4143
In base 16, what is 9 - -a453c?
a4545
In base 13, what is 5b + -6b7?
-659
In base 13, what is -375 - -18c?
-1b6
In base 4, what is 2 + 2022130?
2022132
In base 14, what is 5 - 405d?
-4058
In base 9, what is 106 - 3637?
-3531
In base 2, what is 1111101001110001 + -10010?
1111101001011111
In base 14, what is 250a9 - 2?
250a7
In base 8, what is 3 + 1350143?
1350146
In base 9, what is -315517 + -3?
-315521
In base 12, what is -a - 9430?
-943a
In base 11, what is -1810187 + -1?
-1810188
In base 12, what is -1005 + -15?
-101a
In base 8, wh